{"id":1691,"date":"2018-10-11T11:15:50","date_gmt":"2018-10-11T11:15:50","guid":{"rendered":"http:\/\/www.arquitecturaygastronomia.com\/?page_id=1691"},"modified":"2019-04-03T12:12:12","modified_gmt":"2019-04-03T12:12:12","slug":"aviso-legal","status":"publish","type":"page","link":"https:\/\/www.arquitecturaygastronomia.com\/eu\/aviso-legal\/","title":{"rendered":"Lege oharra"},"content":{"rendered":"<p>El titular de esta Web es el M\u00e1ster en Dise\u00f1o de Espacios Gastron\u00f3micos de la UPV\/EHU.<\/p>\n<p>Este sitio web y todos sus contenidos, incluyendo los textos, im\u00e1genes, c\u00f3digos y cualquier otro material, son propiedad del M\u00e1ster en Dise\u00f1o de Espacios Gastron\u00f3micos de la UPV\/EHU.<\/p>\n<p>La utilizaci\u00f3n de la web atribuye la condici\u00f3n de usuario a toda persona que acceda a la misma e implica la aceptaci\u00f3n sin reservas del presente aviso.<\/p>\n<p>La informaci\u00f3n y elementos divulgados a trav\u00e9s de estas p\u00e1ginas se encuentran protegidos por las leyes espa\u00f1olas e internacionales sobre Propiedad Industrial e Intelectual. De tal forma que se proh\u00edbe su reproducci\u00f3n, distribuci\u00f3n y comunicaci\u00f3n p\u00fablica sin la autorizaci\u00f3n expresa del M\u00e1ster en Dise\u00f1o de Espacios Gastron\u00f3micos de la UPV\/EHU. Para pedir autorizaci\u00f3n, podr\u00e1 dirigirse a la siguiente direcci\u00f3n de correo electr\u00f3nico: <a href=\"mailto:daget.akademia-idazkaria@ehu.eus\">daget.akademia-idazkaria@ehu.eus<\/a><\/p>\n<p>El usuario se compromete a no utilizar los servicios para la realizaci\u00f3n de actividades contrarias al buen funcionamiento del Posgrado y, en general, contrarias a las leyes, a la moral, al orden p\u00fablico.<\/p>\n<p>El M\u00e1ster en Dise\u00f1o de Espacios Gastron\u00f3micos de la UPV\/EHU no se hace responsable de los da\u00f1os o perjuicios directos o indirectos derivados del uso de este sitio web, incluidos da\u00f1os a sistemas inform\u00e1ticos, al tiempo que se reserva el derecho a modificar en cualquier momento los contenidos mostrados.<\/p>\n","protected":false},"excerpt":{"rendered":"<p>El titular de esta Web es el M\u00e1ster en Dise\u00f1o de Espacios Gastron\u00f3micos de la UPV\/EHU. Este sitio web y [&hellip;]<\/p>\n","protected":false},"author":1,"featured_media":0,"parent":0,"menu_order":0,"comment_status":"closed","ping_status":"closed","template":"page-templates\/full-width.php","meta":[],"_links":{"self":[{"href":"https:\/\/www.arquitecturaygastronomia.com\/eu\/wp-json\/wp\/v2\/pages\/1691"}],"collection":[{"href":"https:\/\/www.arquitecturaygastronomia.com\/eu\/wp-json\/wp\/v2\/pages"}],"about":[{"href":"https:\/\/www.arquitecturaygastronomia.com\/eu\/wp-json\/wp\/v2\/types\/page"}],"author":[{"embeddable":true,"href":"https:\/\/www.arquitecturaygastronomia.com\/eu\/wp-json\/wp\/v2\/users\/1"}],"replies":[{"embeddable":true,"href":"https:\/\/www.arquitecturaygastronomia.com\/eu\/wp-json\/wp\/v2\/comments?post=1691"}],"version-history":[{"count":4,"href":"https:\/\/www.arquitecturaygastronomia.com\/eu\/wp-json\/wp\/v2\/pages\/1691\/revisions"}],"predecessor-version":[{"id":1945,"href":"https:\/\/www.arquitecturaygastronomia.com\/eu\/wp-json\/wp\/v2\/pages\/1691\/revisions\/1945"}],"wp:attachment":[{"href":"https:\/\/www.arquitecturaygastronomia.com\/eu\/wp-json\/wp\/v2\/media?parent=1691"}],"curies":[{"name":"wp","href":"https:\/\/api.w.org\/{rel}","templated":true}]}}

<p>El titular de esta Web es el Máster en Diseño de Espacios Gastronómicos de la UPV/EHU.</p>
<p>Este sitio web y todos sus contenidos, incluyendo los textos, imágenes, códigos y cualquier otro material, son propiedad del Máster en Diseño de Espacios Gastronómicos de la UPV/EHU.</p>
<p>La utilización de la web atribuye la condición de usuario a toda persona que acceda a la misma e implica la aceptación sin reservas del presente aviso.</p>
<p>La información y elementos divulgados a través de estas páginas se encuentran protegidos por las leyes españolas e internacionales sobre Propiedad Industrial e Intelectual. De tal forma que se prohíbe su reproducción, distribución y comunicación pública sin la autorización expresa del Máster en Diseño de Espacios Gastronómicos de la UPV/EHU. Para pedir autorización, podrá dirigirse a la siguiente dirección de correo electrónico: <a href="mailto:daget.akademia-idazkaria@ehu.eus">daget.akademia-idazkaria@ehu.eus</a></p>
<p>El usuario se compromete a no utilizar los servicios para la realización de actividades contrarias al buen funcionamiento del Posgrado y, en general, contrarias a las leyes, a la moral, al orden público.</p>
<p>El Máster en Diseño de Espacios Gastronómicos de la UPV/EHU no se hace responsable de los daños o perjuicios directos o indirectos derivados del uso de este sitio web, incluidos daños a sistemas informáticos, al tiempo que se reserva el derecho a modificar en cualquier momento los contenidos mostrados.</p>

<p>El titular de esta Web es el Máster en Diseño de Espacios Gastronómicos de la UPV/EHU. Este sitio web y [&hellip;]</p>
